{"id":13415,"date":"2021-07-19T20:55:05","date_gmt":"2021-07-19T23:55:05","guid":{"rendered":"http:\/\/164.90.144.202\/?post_type=product&#038;p=13415"},"modified":"2022-03-22T21:30:18","modified_gmt":"2022-03-23T00:30:18","slug":"oferta-tenida-combate-digital-acu-cuello-camisero","status":"publish","type":"product","link":"https:\/\/www.jorvente.cl\/?product=oferta-tenida-combate-digital-acu-cuello-camisero","title":{"rendered":"OFERTA! TENIDA COMBATE DIGITAL ACU CUELLO CAMISERO"},"content":{"rendered":"<p>Tenida de mimetismo compuesta de pantal\u00f3n y blusa de camuflaje digital ACU (Rip-Stop), Tratamiento de tela en USA con tecnolog\u00eda InfraRed (IR). Cumple con especificaciones militares.<\/p>\n<p>BLUSA<\/p>\n<p>50% Algod\u00f3n 50% Poliester.<\/p>\n<p>Blusa de corte recto, cuello tipo camisero, manga larga, bolsillos de parche, chicotes de ajuste en bocamanga y refuerzo de codo.<\/p>\n<div>Cumple con especificaciones t\u00e9cnicas militares.<\/div>\n<div><\/div>\n<div>PANTAL\u00d3N<\/div>\n<div><\/div>\n<div>\n<div>50% Algod\u00f3n 50% Poliester.<\/div>\n<div>Pantal\u00f3n de \u00a0corte recto, con pasadores en la retina, seis bolsillos, refuerzo en asentaderas y rodillas. Cumple especificaciones t\u00e9cnicas militares.<\/div>\n<\/div>\n","protected":false},"excerpt":{"rendered":"<p>Tenida de mimetismo compuesta de pantal\u00f3n y blusa de camuflaje digital ACU (Rip-Stop), Tratamiento de tela en USA con tecnolog\u00eda InfraRed (IR). Cumple con especificaciones militares. BLUSA 50% Algod\u00f3n 50% Poliester. Blusa de corte recto, cuello tipo camisero, manga larga, bolsillos de parche, chicotes de ajuste en bocamanga y refuerzo de codo. Cumple con especificaciones [&hellip;]<\/p>\n","protected":false},"featured_media":13690,"template":"","meta":[],"product_cat":[231,209],"product_tag":[],"yoast_head":"<!-- This site is optimized with the Yoast SEO plugin v16.7 - https:\/\/yoast.com\/wordpress\/plugins\/seo\/ -->\n<title>OFERTA! TENIDA COMBATE DIGITAL ACU CUELLO CAMISERO | Jorvente | Mercado Textil<\/title>\n<meta name=\"robots\" content=\"index, follow, max-snippet:-1, max-image-preview:large, max-video-preview:-1\" \/>\n<link rel=\"canonical\" href=\"https:\/\/www.jorvente.cl\/?product=oferta-tenida-combate-digital-acu-cuello-camisero\" \/>\n<meta property=\"og:locale\" content=\"es_ES\" \/>\n<meta property=\"og:type\" content=\"article\" \/>\n<meta property=\"og:title\" content=\"OFERTA! TENIDA COMBATE DIGITAL ACU CUELLO CAMISERO | Jorvente | Mercado Textil\" \/>\n<meta property=\"og:description\" content=\"Tenida de mimetismo compuesta de pantal\u00f3n y blusa de camuflaje digital ACU (Rip-Stop), Tratamiento de tela en USA con tecnolog\u00eda InfraRed (IR). Cumple con especificaciones militares. BLUSA 50% Algod\u00f3n 50% Poliester. Blusa de corte recto, cuello tipo camisero, manga larga, bolsillos de parche, chicotes de ajuste en bocamanga y refuerzo de codo. Cumple con especificaciones [&hellip;]\" \/>\n<meta property=\"og:url\" content=\"https:\/\/www.jorvente.cl\/?product=oferta-tenida-combate-digital-acu-cuello-camisero\" \/>\n<meta property=\"og:site_name\" content=\"Jorvente | Mercado Textil\" \/>\n<meta property=\"article:publisher\" content=\"https:\/\/www.facebook.com\/jorvente\" \/>\n<meta property=\"article:modified_time\" content=\"2022-03-23T00:30:18+00:00\" \/>\n<meta property=\"og:image\" content=\"http:\/\/www.jorvente.cl\/wp-content\/uploads\/2021\/07\/Tenida-Combate-ACU1-scaled.jpg\" \/>\n\t<meta property=\"og:image:width\" content=\"1707\" \/>\n\t<meta property=\"og:image:height\" content=\"2560\" \/>\n<meta name=\"twitter:card\" content=\"summary_large_image\" \/>\n<script type=\"application\/ld+json\" class=\"yoast-schema-graph\">{\"@context\":\"https:\/\/schema.org\",\"@graph\":[{\"@type\":\"Organization\",\"@id\":\"https:\/\/www.jorvente.cl\/#organization\",\"name\":\"JORVENTE | MERCADO TEXTIL\",\"url\":\"https:\/\/www.jorvente.cl\/\",\"sameAs\":[\"https:\/\/www.facebook.com\/jorvente\",\"https:\/\/www.isntagram.com\/jorvente\"],\"logo\":{\"@type\":\"ImageObject\",\"@id\":\"https:\/\/www.jorvente.cl\/#logo\",\"inLanguage\":\"es-CL\",\"url\":\"https:\/\/www.jorvente.cl\/wp-content\/uploads\/2021\/07\/logo.png.png\",\"contentUrl\":\"https:\/\/www.jorvente.cl\/wp-content\/uploads\/2021\/07\/logo.png.png\",\"width\":400,\"height\":85,\"caption\":\"JORVENTE | MERCADO TEXTIL\"},\"image\":{\"@id\":\"https:\/\/www.jorvente.cl\/#logo\"}},{\"@type\":\"WebSite\",\"@id\":\"https:\/\/www.jorvente.cl\/#website\",\"url\":\"https:\/\/www.jorvente.cl\/\",\"name\":\"Jorvente | Mercado Textil\",\"description\":\"Jorvente | Mercado Textil\",\"publisher\":{\"@id\":\"https:\/\/www.jorvente.cl\/#organization\"},\"potentialAction\":[{\"@type\":\"SearchAction\",\"target\":{\"@type\":\"EntryPoint\",\"urlTemplate\":\"https:\/\/www.jorvente.cl\/?s={search_term_string}\"},\"query-input\":\"required name=search_term_string\"}],\"inLanguage\":\"es-CL\"},{\"@type\":\"ImageObject\",\"@id\":\"https:\/\/www.jorvente.cl\/?product=oferta-tenida-combate-digital-acu-cuello-camisero#primaryimage\",\"inLanguage\":\"es-CL\",\"url\":\"https:\/\/www.jorvente.cl\/wp-content\/uploads\/2021\/07\/Tenida-Combate-ACU1-scaled.jpg\",\"contentUrl\":\"https:\/\/www.jorvente.cl\/wp-content\/uploads\/2021\/07\/Tenida-Combate-ACU1-scaled.jpg\",\"width\":1707,\"height\":2560},{\"@type\":[\"WebPage\",\"ItemPage\"],\"@id\":\"https:\/\/www.jorvente.cl\/?product=oferta-tenida-combate-digital-acu-cuello-camisero#webpage\",\"url\":\"https:\/\/www.jorvente.cl\/?product=oferta-tenida-combate-digital-acu-cuello-camisero\",\"name\":\"OFERTA! TENIDA COMBATE DIGITAL ACU CUELLO CAMISERO | Jorvente | Mercado Textil\",\"isPartOf\":{\"@id\":\"https:\/\/www.jorvente.cl\/#website\"},\"primaryImageOfPage\":{\"@id\":\"https:\/\/www.jorvente.cl\/?product=oferta-tenida-combate-digital-acu-cuello-camisero#primaryimage\"},\"datePublished\":\"2021-07-19T23:55:05+00:00\",\"dateModified\":\"2022-03-23T00:30:18+00:00\",\"breadcrumb\":{\"@id\":\"https:\/\/www.jorvente.cl\/?product=oferta-tenida-combate-digital-acu-cuello-camisero#breadcrumb\"},\"inLanguage\":\"es-CL\",\"potentialAction\":[{\"@type\":\"ReadAction\",\"target\":[\"https:\/\/www.jorvente.cl\/?product=oferta-tenida-combate-digital-acu-cuello-camisero\"]}]},{\"@type\":\"BreadcrumbList\",\"@id\":\"https:\/\/www.jorvente.cl\/?product=oferta-tenida-combate-digital-acu-cuello-camisero#breadcrumb\",\"itemListElement\":[{\"@type\":\"ListItem\",\"position\":1,\"name\":\"Portada\",\"item\":\"https:\/\/www.jorvente.cl\/\"},{\"@type\":\"ListItem\",\"position\":2,\"name\":\"Shop\",\"item\":\"https:\/\/www.jorvente.cl\/?page_id=6\"},{\"@type\":\"ListItem\",\"position\":3,\"name\":\"OFERTA! TENIDA COMBATE DIGITAL ACU CUELLO CAMISERO\"}]}]}<\/script>\n<!-- \/ Yoast SEO plugin. -->","yoast_head_json":{"title":"OFERTA! TENIDA COMBATE DIGITAL ACU CUELLO CAMISERO | Jorvente | Mercado Textil","robots":{"index":"index","follow":"follow","max-snippet":"max-snippet:-1","max-image-preview":"max-image-preview:large","max-video-preview":"max-video-preview:-1"},"canonical":"https:\/\/www.jorvente.cl\/?product=oferta-tenida-combate-digital-acu-cuello-camisero","og_locale":"es_ES","og_type":"article","og_title":"OFERTA! TENIDA COMBATE DIGITAL ACU CUELLO CAMISERO | Jorvente | Mercado Textil","og_description":"Tenida de mimetismo compuesta de pantal\u00f3n y blusa de camuflaje digital ACU (Rip-Stop), Tratamiento de tela en USA con tecnolog\u00eda InfraRed (IR). Cumple con especificaciones militares. BLUSA 50% Algod\u00f3n 50% Poliester. Blusa de corte recto, cuello tipo camisero, manga larga, bolsillos de parche, chicotes de ajuste en bocamanga y refuerzo de codo. Cumple con especificaciones [&hellip;]","og_url":"https:\/\/www.jorvente.cl\/?product=oferta-tenida-combate-digital-acu-cuello-camisero","og_site_name":"Jorvente | Mercado Textil","article_publisher":"https:\/\/www.facebook.com\/jorvente","article_modified_time":"2022-03-23T00:30:18+00:00","og_image":[{"width":1707,"height":2560,"url":"http:\/\/www.jorvente.cl\/wp-content\/uploads\/2021\/07\/Tenida-Combate-ACU1-scaled.jpg","path":"\/var\/www\/example.com\/wp-content\/uploads\/2021\/07\/Tenida-Combate-ACU1-scaled.jpg","size":"full","id":13690,"alt":"","pixels":4369920,"type":"image\/jpeg"}],"twitter_card":"summary_large_image","schema":{"@context":"https:\/\/schema.org","@graph":[{"@type":"Organization","@id":"https:\/\/www.jorvente.cl\/#organization","name":"JORVENTE | MERCADO TEXTIL","url":"https:\/\/www.jorvente.cl\/","sameAs":["https:\/\/www.facebook.com\/jorvente","https:\/\/www.isntagram.com\/jorvente"],"logo":{"@type":"ImageObject","@id":"https:\/\/www.jorvente.cl\/#logo","inLanguage":"es-CL","url":"https:\/\/www.jorvente.cl\/wp-content\/uploads\/2021\/07\/logo.png.png","contentUrl":"https:\/\/www.jorvente.cl\/wp-content\/uploads\/2021\/07\/logo.png.png","width":400,"height":85,"caption":"JORVENTE | MERCADO TEXTIL"},"image":{"@id":"https:\/\/www.jorvente.cl\/#logo"}},{"@type":"WebSite","@id":"https:\/\/www.jorvente.cl\/#website","url":"https:\/\/www.jorvente.cl\/","name":"Jorvente | Mercado Textil","description":"Jorvente | Mercado Textil","publisher":{"@id":"https:\/\/www.jorvente.cl\/#organization"},"potentialAction":[{"@type":"SearchAction","target":{"@type":"EntryPoint","urlTemplate":"https:\/\/www.jorvente.cl\/?s={search_term_string}"},"query-input":"required name=search_term_string"}],"inLanguage":"es-CL"},{"@type":"ImageObject","@id":"https:\/\/www.jorvente.cl\/?product=oferta-tenida-combate-digital-acu-cuello-camisero#primaryimage","inLanguage":"es-CL","url":"https:\/\/www.jorvente.cl\/wp-content\/uploads\/2021\/07\/Tenida-Combate-ACU1-scaled.jpg","contentUrl":"https:\/\/www.jorvente.cl\/wp-content\/uploads\/2021\/07\/Tenida-Combate-ACU1-scaled.jpg","width":1707,"height":2560},{"@type":["WebPage","ItemPage"],"@id":"https:\/\/www.jorvente.cl\/?product=oferta-tenida-combate-digital-acu-cuello-camisero#webpage","url":"https:\/\/www.jorvente.cl\/?product=oferta-tenida-combate-digital-acu-cuello-camisero","name":"OFERTA! TENIDA COMBATE DIGITAL ACU CUELLO CAMISERO | Jorvente | Mercado Textil","isPartOf":{"@id":"https:\/\/www.jorvente.cl\/#website"},"primaryImageOfPage":{"@id":"https:\/\/www.jorvente.cl\/?product=oferta-tenida-combate-digital-acu-cuello-camisero#primaryimage"},"datePublished":"2021-07-19T23:55:05+00:00","dateModified":"2022-03-23T00:30:18+00:00","breadcrumb":{"@id":"https:\/\/www.jorvente.cl\/?product=oferta-tenida-combate-digital-acu-cuello-camisero#breadcrumb"},"inLanguage":"es-CL","potentialAction":[{"@type":"ReadAction","target":["https:\/\/www.jorvente.cl\/?product=oferta-tenida-combate-digital-acu-cuello-camisero"]}]},{"@type":"BreadcrumbList","@id":"https:\/\/www.jorvente.cl\/?product=oferta-tenida-combate-digital-acu-cuello-camisero#breadcrumb","itemListElement":[{"@type":"ListItem","position":1,"name":"Portada","item":"https:\/\/www.jorvente.cl\/"},{"@type":"ListItem","position":2,"name":"Shop","item":"https:\/\/www.jorvente.cl\/?page_id=6"},{"@type":"ListItem","position":3,"name":"OFERTA! TENIDA COMBATE DIGITAL ACU CUELLO CAMISERO"}]}]}},"_links":{"self":[{"href":"https:\/\/www.jorvente.cl\/index.php?rest_route=\/wp\/v2\/product\/13415"}],"collection":[{"href":"https:\/\/www.jorvente.cl\/index.php?rest_route=\/wp\/v2\/product"}],"about":[{"href":"https:\/\/www.jorvente.cl\/index.php?rest_route=\/wp\/v2\/types\/product"}],"wp:featuredmedia":[{"embeddable":true,"href":"https:\/\/www.jorvente.cl\/index.php?rest_route=\/wp\/v2\/media\/13690"}],"wp:attachment":[{"href":"https:\/\/www.jorvente.cl\/index.php?rest_route=%2Fwp%2Fv2%2Fmedia&parent=13415"}],"wp:term":[{"taxonomy":"product_cat","embeddable":true,"href":"https:\/\/www.jorvente.cl\/index.php?rest_route=%2Fwp%2Fv2%2Fproduct_cat&post=13415"},{"taxonomy":"product_tag","embeddable":true,"href":"https:\/\/www.jorvente.cl\/index.php?rest_route=%2Fwp%2Fv2%2Fproduct_tag&post=13415"}],"curies":[{"name":"wp","href":"https:\/\/api.w.org\/{rel}","templated":true}]}}